 15 = -5*h, d - 7 = -0*h + 2*h. Let o = h + 17. What is the highest common divisor of 112 and o?
16
Suppose 6*z - 19 = -1. Suppose -32 - 78 = -z*b + v, -4*v - 44 = -b. Let k = b + -10. Calculate the greatest common factor of 182 and k.
26
Let a = -167 - -266. Let s = 14 - 3. Suppose 0 = 4*z - 25 - s. What is the highest common factor of a and z?
9
Suppose a = 674 + 370. Calculate the greatest common factor of 36 and a.
36
Suppose -3*r + k = r - 29, 2*r - 4*k - 18 = 0. Let i = 8 + r. Let h = 548 - 383. Calculate the highest common factor of h and i.
15
Suppose -4*a + 3*r = -117, 6*a - 2*a = -4*r + 96. What is the greatest common divisor of a and 54?
27
Suppose 90755 + 41533 = 78*b. What is the highest common divisor of 106 and b?
106
Let t = 59 + -54. Suppose -x = t*p - 51, x = 4*p + 6*x - 24. What is the highest common factor of 44 and p?
11
Let l be (-9)/(((-5)/60*-9)/(-6)). Calculate the greatest common divisor of 72 and l.
72
Suppose 4*t - 9 = -17. Let j be 0/(t + (-4 - -8)). Suppose z - 5 + 4 = j. What is the greatest common factor of z and 5?
1
Suppose 147 = 3*m - 32*d + 35*d, 2*d = 2*m - 82. Calculate the highest common divisor of m and 72.
9
Let n(m) = 6*m**2 - 6*m - 3. Let f be n(-2). Let l = f - 22. What is the highest common divisor of l and 1?
1
Let m(h) = -6*h**3 - 3*h**2 - h - 1. Let b be m(-2). What is the greatest common factor of 111 and b?
37
Let k = -82 - -121. Suppose -f + k = 5. Let v(d) = 94*d - 2. Let n be v(4). What is the greatest common divisor of n and f?
34
Let g(o) = -5*o + 1. Let q be g(-1). Let h be 286/55 - (-16)/(-60)*-3. Calculate the highest common factor of h and q.
6
Suppose 0 = 4*w - 2*w + 8. Let u be (-4)/w + -2 - -1. Let o be -4 - -2*(u + 17). What is the greatest common factor of o and 10?
10
Let d = 113 + -98. Let r be d*(1/(-1) - (-8)/6). Let m = 83 + -38. What is the greatest common divisor of r and m?
5
Let r = 2 + 1. Suppose -4*c + 0*o + 698 = o, -4*o + 517 = r*c. Calculate the highest common factor of c and 35.
35
Let z = -696 + 709. What is the greatest common factor of 52 and z?
13
Let b(z) = -z**3 + 3*z**2 + 4*z - 2. Suppose 3*i - 2*i + 14 = 4*m, 0 = 4*m + 5*i - 2. Let p be b(m). Calculate the greatest common divisor of p and 70.
10
Let z be 0 + 7 + (21 - -5). Suppose 4*g + 2*d + 20 - 114 = 0, -4*g + 91 = d. What is the highest common factor of g and z?
11
Suppose 3*c - 129 = 105. Let x be 4/36*3*c. Suppose -d + 1 + 38 = 0. What is the highest common divisor of d and x?
13
Suppose 3*u = 5*x + 468, 3*u = x - 6*x + 498. Let l = -399 + 500. Let v = u - l. What is the greatest common factor of 20 and v?
20
Let a(q) = q**2 - 9*q - 4. Let z be a(7). Let r be 2/6 + (-408)/z. Let d = r + -9. Calculate the highest common divisor of 35 and d.
7
Let j(q) = -2*q**3 + 72*q**2 + q - 31. Let l be j(36). What is the greatest common divisor of 505 and l?
5
Suppose 0 = -3*t - 1 + 10. Let d be ((-1)/t)/((-1)/9). Suppose -49 = -d*n + 14. Calculate the greatest common factor of 14 and n.
7
Let q = 12 + -3. Suppose -2*h = -5*h + q. Let u be (-2)/((-16)/66)*4. Calculate the greatest common factor of h and u.
3
Let f be (-477)/(-54) + 1/6. Suppose f*b - 612 = -9*b. Calculate the greatest common factor of b and 17.
17
Suppose 4*m - 103 = 5*t + 117, -3*t = m - 55. Suppose 15*d - 10*d - m = 0. What is the highest common divisor of d and 11?
11
Let i be 8*((-21)/(-6) + -1). Suppose 3*l - 90 - 30 = 0. Calculate the greatest common divisor of l and i.
20
Let q = -14 - -36. Suppose 4*j + 2*v = 2*j - q, -4*j = 3*v + 40. Let t be (-4 + (-4 - j))*-7. Calculate the greatest common divisor of t and 49.
7
Let h(f) = 9*f**2 + 6. Let l be h(-4). What is the greatest common factor of l and 90?
30
Suppose 6*t + 60 - 168 = 0. What is the greatest common divisor of 48 and t?
6
Suppose -10*m = -9*m - 32. Suppose 2*n - b = 256, 2*b + 0*b - 128 = -n. What is the highest common divisor of m and n?
32
Let c = 122 - -229. Suppose 7*k - c = 4*k. Calculate the greatest common divisor of k and 13.
13
Let t be ((-65)/(-10)*-1)/((-2)/8). Suppose -g = -2 - t. Calculate the highest common divisor of g and 7.
7
Let m(c) = -18*c - 2. Let w be m(-1). Suppose 20*b - w*b = 120. Calculate the highest common factor of 12 and b.
6
Suppose 19*w - 23*w + 4536 = 0. What is the greatest common divisor of 84 and w?
42
Suppose -h = 4*l + 1 - 5, l - 14 = 3*h. Let z be (-1)/(-2)*(14 + h). Let o = 56 + -31. What is the highest common factor of z and o?
5
Suppose 4*y - 138 = -2*t, 6*t = 8*t + 2. What is the highest common divisor of 80 and y?
5
Suppose 3*r + 1404 = 3*s, -984 = -4*s - 4*r + 904. Calculate the greatest common divisor of s and 188.
94
Suppose 0 = -5*n + 3 + 7. Suppose -2*b + y = -9, 3*b + n*b = y + 27. Let q(v) = -79*v - 49. Let s be q(-1). Calculate the highest common factor of s and b.
6
Let n = -385 + 714. Let p = 157 - 108. Suppose -5*t - p + n = 0. Calculate the highest common divisor of 8 and t.
8
Let p(w) = 3 + 0 + 25*w - 2 - 3. Let s be p(2). Let k = s - 27. Calculate the greatest common divisor of k and 14.
7
Suppose -3*f + 7 = -6*z + z, 3*f - 14 = -2*z. Suppose 6 + 5 = y - 4*m, 4*y - f*m = 20. Suppose y*o - 78 = -12. What is the greatest common factor of o and 11?
11
Suppose -32*c + 703 = -1089. Suppose b + 42 = 4*b. What is the highest common factor of b and c?
14
Suppose -2*q = 3*q + 2*i - 382, 2*q - 149 = 3*i. Suppose -40 + q = 3*b. Let z be 143/4 - 1/(-4). Calculate the highest common divisor of b and z.
12
Let r(q) = q. Let u(c) = -6*c - 2. Let l(s) = -3*r(s) + u(s). Let t be l(-8). Calculate the greatest common factor of 28 and t.
14
Let k(o) = 37*o - 9. Let u be k(5). Let m(n) = -2*n**2 - 30*n - 6. Let l be m(-14). Calculate the highest common divisor of l and u.
22
Suppose 0 = t + 3*x + 4, t - 13 = -4*t - 4*x. Let r be (-1)/t + 410/50. Suppose -6*a = -2*a - r. What is the highest common divisor of a and 5?
1
Suppose 5*a - 5 = 0, 0*z - 3*a - 437 = -5*z. What is the highest common divisor of 748 and z?
44
Let m be 1*10 + 2/(-1). Let v = 765 - 440. Let i be ((-16)/(-10))/(13/v). What is the highest common divisor of m and i?
8
Let j = 201 - 192. What is the highest common divisor of 129 and j?
3
Let m = 212 - -8. Let h(l) = 3*l**2 + 169*l - 92. Let x be h(-57). What is the highest common factor of x and m?
22
Suppose -5*v - 210 = 2*x - 202, -5*x - v + 3 = 0. Suppose 5*d - 4 - 31 = 0. Calculate the greatest common divisor of d and x.
1
Let l be (-60)/((-6)/(-36)*-2). Calculate the highest common factor of 450 and l.
90
Suppose -w - 17 = -2*w. Let l = -64 + w. Let i = l + 89. What is the highest common factor of 63 and i?
21
Let a = -38 - -38. Suppose a = 3*b - 8*b + 40. Calculate the greatest common divisor of 4 and b.
4
Suppose 11*b = 99 + 671. Let q be (-449)/(-4) - (-3)/(-12). Suppose -4*j = -q - 0. Calculate the highest common factor of j and b.
14
Let u(h) = 2*h**2 + 4*h - 1. Let x(k) = 5*k**2 + 9*k - 1. Let l(d) = -7*u(d) + 3*x(d). Let m be l(-3). Calculate the highest common divisor of 32 and m.
16
Let k = -2485 + 2965. Calculate the highest common factor of 45 and k.
15
Suppose 0 = 2*s + 3*s - 5. Let l(j) = s - 16*j + 8*j - 3*j + 1 + j**2. Let q be l(11). Calculate the greatest common factor of 2 and q.
2
Let r = -794 + 946. Calculate the highest common divisor of r and 16.
8
Suppose -495 = -60*o + 45*o. What is the greatest common factor of 24 and o?
3
Let k = -569 - -998. What is the greatest common factor of 33 and k?
33
Let h = 26 + -22. Suppose h*m + 7 + 5 = 0. Let c = 8 + m. What is the highest common factor of 40 and c?
5
Suppose 3*a + a - 28 = 0. Let q(p) = p**3 + 11*p**2 - 10*p + 3. Let w be q(-11). Let x = w + -57. Calculate the greatest common divisor of a and x.
7
Let n be ((-45)/6)/15 + 3566/4. What is the highest common factor of n and 11?
11
Suppose -p + 5*n = -58, -366 - 20 = -5*p + n. What is the greatest common divisor of p and 2?
2
Let m(k) = 26*k - 278. Let g be m(15). What is the greatest common factor of 77 and g?
7
Let j(k) = -k + 265. Let l be j(15). What is the highest common factor of l and 10?
10
Suppose -3*i + 2*d + 376 - 139 = 0, 15 = 5*d. Let s = 109 + -100. Calculate the highest common factor of s and i.
9
Let v(b) = -b**3 - 10*b**2 - 30*b - 52. Let k be v(-8). Let z(i) = i**3 + 5*i**2 - 3*i + 5. 